37980*t + 1013942. Calculate d(3).
2
Let x(b) = -4*b**3 - 2*b**2 - 16*b + 1876. What is x(0)?
1876
Let m(o) = -10*o**3 + 2427*o**2 + 731*o - 510. Calculate m(243).
-24
Let l(c) = -12*c**3 - 1135*c**2 - 566*c + 8652. Determine l(-94).
4
Let y(r) = 42990*r + 601848. Give y(-14).
-12
Let x(h) = h**3 + 277*h**2 + 10252*h + 2. Determine x(-44).
2
Let p(h) = -3782*h + 58741. Determine p(15).
2011
Let l(m) = m**3 - 20*m**2 + 250*m - 2991. Determine l(16).
-15
Let t(k) = -31*k**2 + 16920*k + 3235. Calculate t(546).
-41
Let u(q) = 250*q + 18246. Determine u(-72).
246
Let p(c) = c**3 - 827*c**2 + 5749*c - 69. What is p(7)?
-6
Let p(k) = k**3 - 36*k**2 + 188*k + 105. Calculate p(30).
345
Let t(x) = 12815*x + 2319501. Determine t(-181).
-14
Let h(l) = -l**3 - 143*l**2 - 717*l - 134. Calculate h(-5).
1
Let c(g) = g**3 + 58*g**2 - 283*g - 9414. Determine c(-60).
366
Let x(b) = 7590*b + 774108. Calculate x(-102).
-72
Let g(m) = 3*m**3 - 8*m**2 - 20*m - 50. Determine g(0).
-50
Let k(u) = u**3 + 16*u**2 + 16*u - 26. Determine k(-14).
142
Let d(i) = -672*i**2 + 1115*i - 25. Determine d(2).
-483
Let i(y) = y**2 - 2372*y + 515468. What is i(242)?
8
Let r(p) = 396*p + 345. What is r(1)?
741
Let f(u) = -7*u**2 + 1371*u + 4388. What is f(199)?
10
Let r(p) = p**2 + 3057*p - 18357. Give r(6).
21
Let g(s) = 2*s**3 - 966*s**2 + 3833*s - 487. Give g(479).
-8
Let m(s) = 2*s**3 - 333*s**2 - 1700*s - 16. Give m(-5).
-91
Let l(v) = v**3 - 30*v**2 - 867*v + 164. Give l(48).
20
Let j(x) = 2*x**3 + 82*x**2 + 775*x - 122. Give j(-26).
8
Let v(s) = 1626*s + 26149. Determine v(-16).
133
Let n(x) = 6583*x + 52632. Give n(-8).
-32
Let f(b) = -21405*b + 85686. Calculate f(4).
66
Let m(z) = -z**3 - 5*z**2 + 47*z - 202. Determine m(0).
-202
Let z(d) = 1721*d - 104966. What is z(61)?
15
Let n(m) = -8*m**2 - 2453*m + 57789. Determine n(22).
-49
Let a(f) = f**3 - 364*f**2 + 11810*f - 737. What is a(328)?
-81
Let j(h) = -2*h**3 + 465*h**2 - 12821*h - 351. What is j(32)?
1
Let f(a) = -a**3 + 33*a**2 - 205*a - 486. Determine f(24).
-222
Let f(h) = -101*h**2 + 8259*h + 1822. Determine f(82).
-64
Let x(s) = 2*s**3 + 150*s**2 - 1511*s + 74. Determine x(-84).
-10
Let k(z) = z**3 - 7*z**2 - 49*z + 373. Calculate k(8).
45
Let o(l) = -11*l**2 - 73*l - 437. Calculate o(-7).
-465
Let u(y) = -6835*y - 19731. Give u(-3).
774
Let m(s) = -793*s + 218879. Calculate m(276).
11
Let c(r) = -16647*r - 84462. Determine c(-5).
-1227
Let f(a) = 2060*a - 401738. Calculate f(195).
-38
Let a(g) = 399*g**3 - 7*g**2 + 9*g + 13. What is a(2)?
3195
Let n(j) = 2*j**3 + 80*j**2 - 7641*j + 784. Determine n(-85).
19
Let x(d) = -5*d**3 + 756*d**2 - 155*d + 881. Determine x(151).
277
Let x(k) = -3012*k - 388463. Determine x(-129).
85
Let b(i) = -3*i**2 + 145*i + 31217. Give b(129).
-1
Let n(t) = 1172*t**2 - 10401*t - 1. What is n(8)?
-8201
Let l(d) = -12*d**2 + 59*d + 3696. What is l(-15)?
111
Let t(v) = 3*v**2 + 560*v + 16722. Determine t(-149).
-115
Let u(v) = 2*v**3 + 94*v**2 + 7*v + 490. Determine u(-47).
161
Let j(a) = 4836*a + 324030. Determine j(-67).
18
Let a(v) = -2*v**3 + 1017*v**2 - 5533*v. What is a(503)?
0
Let l(r) = -12584*r**2 + 62925*r - 73. Calculate l(5).
-48
Let i(b) = -10*b**2 - 48*b + 2616. What is i(-20)?
-424
Let w(a) = 2*a**2 + 90*a + 1030. What is w(-22)?
18
Let b(a) = 1578*a + 66244. Calculate b(-42).
-32
Let k(n) = 168*n**2 - 33*n + 95. Determine k(0).
95
Let r(l) = -l**2 - 99498*l + 1791271. Calculate r(18).
-17
Let s(z) = 14*z**3 - 13*z**2 + 24*z - 63. Calculate s(2).
45
Let d(z) = -11*z**3 + 11*z**2 + 131*z + 12. What is d(4)?
8
Let i(p) = p**3 + 4*p**2 + 130*p - 269. Give i(2).
15
Let c(y) = -1233*y - 67138. Determine c(-54).
-556
Let n(q) = -5*q**2 - 734*q + 32907. Give n(36).
3
Let a(s) = -s**3 + 205*s**2 - 7524*s - 1880. What is a(157)?
4
Let t(c) = -c**2 + 258*c - 13168. Calculate t(187).
109
Let f(h) = 2248*h + 49473. Determine f(-22).
17
Let v(f) = 150323*f - 450975. Give v(3).
-6
Let j(m) = m**2 + 1153*m - 10469. What is j(9)?
-11
Let s(g) = -g**3 - 62*g**2 + 332*g + 4491. What is s(-66)?
3
Let d(m) = 1869*m + 3539. Give d(-2).
-199
Let n(h) = 393*h**2 + 168217*h + 5567. What is n(-428)?
3
Let f(o) = -o**3 + 238*o**2 - 119*o - 27945. What is f(237)?
21
Let p(z) = 589*z + 6349. Calculate p(-11).
-130
Let f(c) = 6*c**2 + 256*c - 4158. Calculate f(16).
1474
Let c(w) = -5*w**3 - 211*w**2 - 415*w + 986. Give c(-40).
-14
Let v(l) = l**2 + 84*l - 1056. Calculate v(-75).
-1731
Let f(z) = 287*z - 356. What is f(10)?
2514
Let b(j) = j**3 - 38*j**2 + 26*j - 999. Give b(38).
-11
Let r(q) = 33433*q - 4747479. What is r(142)?
7
Let y(m) = 24*m**2 + 168*m - 1509. What is y(10)?
2571
Let w(v) = -v**2 + 26*v + 4046. What is w(-58)?
-826
Let z(d) = 1687*d - 23655. Calculate z(14).
-37
Let y(m) = -16*m**2 - 132*m + 3905. Give y(12).
17
Let l(b) = -2*b**3 + 137*b**2 + 53*b + 829. Calculate l(69).
-275
Let d(o) = 13577*o + 896050. Give d(-66).
-32
Let g(l) = -1614*l + 14915. Calculate g(9).
389
Let d(m) = 177*m - 10747. Calculate d(63).
404
Let p(t) = t**3 - 10*t**2 + 1110*t - 5295. Give p(5).
130
Let n(j) = -2*j**3 - 59*j**2 + 3*j - 716. Determine n(-30).
94
Let y(v) = 18*v**2 + 1222*v + 25. Determine y(-68).
161
Let o(v) = -20*v**3 + 3*v**2 - 48*v + 151. What is o(3)?
-506
Let u(o) = -o**3 - 7*o**2 - 80*o - 1219. Determine u(-12).
461
Let v(n) = 14831*n - 59320. Give v(4).
4
Let o(w) = -6*w**2 - 3*w - 84. Give o(-2).
-102
Let b(p) = -380*p - 59136. Calculate b(-157).
524
Let q(r) = -r**2 + 629*r - 11918. What is q(19)?
-328
Let j(w) = 4*w**3 + 720*w**2 - 28*w - 5278. Give j(-180).
-238
Let h(n) = 755*n - 83810. Determine h(111).
-5
Let n(v) = -3*v**3 - 18*v**2 + 72*v - 50. Calculate n(-8).
-242
Let r(f) = 4330*f - 17294. What is r(4)?
26
Let q(s) = -s**3 - 10*s**2 + 52876*s + 230. Calculate q(-235).
-5
Let c(l) = -2*l**2 + 42*l + 142. What is c(-3)?
-2
Let c(v) = -8*v**3 + 767*v**2 + 99*v - 372. Determine c(96).
-84
Let d(l) = 2919*l - 62270. What is d(22)?
1948
Let j(s) = 20*s**2 + 222*s + 47. Determine j(-10).
-173
Let x(a) = 5985*a + 371056. Give x(-62).
-14
Let k(m) = -7*m**2 + 66*m + 525. Give k(-7).
-280
Let d(y) = 5*y**3 - 11*y**2 - 120*y + 129. What is d(1)?
3
Let r(w) = -2*w**2 - 243*w - 2645. Determine r(-110).
-115
Let j(t) = -t**3 + 24*t**2 + 14*t + 515. Calculate j(20).
2395
Let k(v) = 365*v - 12263. Determine k(34).
147
Let f(h) = -19*h**2 - 102*h + 629. Calculate f(-9).
8
Let l(k) = -k**3 - 451*k**2 - 39284*k + 1182. Give l(-118).
2
Let q(z) = 14412*z + 273830. Give q(-19).
2
Let n(g) = 48*g**2 + 24*g - 4. What is n(2)?
236
Let m(x) = -3*x**3 + 589*x**2 - 5764*x - 426. Give m(186).
-54
Let f(w) = 3380*w - 192690. Determine f(57).
-30
Let x(m) = -3*m - 40. What is x(49)?
-187
Let o(g) = g**2 - 15954*g + 318636. What is o(20)?
-44
Let q(f) = f**2 + 166*f + 5108. Calculate q(-52).
-820
Let t(j) = -j**3 - 24*j**2 + 450*j - 795. What is t(11)?
-80
Let c(x) = -471*x**3 + 8009*x**2 - 42*x + 126. Give c(17).
-10
Let o(m) = 136623*m - 6011416. Give o(44).
-4
Let k(g) = -133*g + 1332. Calculate k(18).
-1062
Let r(m) = 7*m**2 + 1023*m - 2092. Give r(-149).
888
Let d(z) = -56*z**2 + 496*z - 3. Give d(9).
-75
Let p(l) = l**3 - 37*l**2 - 1455*l + 39266. Give p(22).
-4
Let h(b) = 8431*b - 141720. What is h(17)?
1607
Let c(u) = u**3 - 49*u**2 - 23*u + 981. Give c(49).
-146
Let h(u) = 35*u + 590. What is h(5)?
765
Let w(q) = -299*q - 36717. Determine w(-123).
60
Let b(g) = 15*g**2 - 2678*g + 61348. Determine b(27).
-23
Let j(o) = 3*o**2 - 31*o + 32. Determine j(16).
304
Let q(u) = 3*u**2 - 708*u + 2844. What is q(4)?
60
Let u(y) = y**3 - 44*y**2 - 26422*y + 1848. What is u(186)?
-12
Let w(m) = m**2 + 262*m - 78676. What is w(-439)?
-973
Let i(s) = s**2 - 11412*s - 114107. Calculate i(-10).
113
Let x(l) = -20*l**3 - 82*l**2 - 149*l + 4. What is x(-2)?
134
Let f(z) = -7*z**3 - 123*z**2 - 345*z - 62. Give f(-14).
-132
Let y(o) = -12009*o - 444331. Give y(-37).
2
Let k(m) = -m**2 - 73131*m + 2194861. Determine k(30).
31
Let o(b) = b**3 - 23*b**2 + 14*b + 33. Determine o(15).
-1557
Let h(l) = 707*l + 3423. What is h(-4)?
595
Let i(r) = 695*r + 13652. Determine i(-20).
-248
Let k(a) = -a**2 - 370*a + 20081. What is k(-418)?
17
Let x(t) = 6564*t - 65691. Determine x(10).
-51
Let g(v) = -442*v - 10297. What is 